) = n**3 + 4*n**2 + 14. What is the remainder when m(-3) is divided by 13?
10
What is the remainder when 39 is divided by 213/15 - 2/10?
11
Let b(u) = 22*u - 27. Let q(i) = -9*i. Calculate the remainder when b(2) is divided by q(-1).
8
Let j = 442 + -293. Calculate the remainder when j is divided by 30.
29
Let n(p) = -p**2 - 2*p + 42. Calculate the remainder when 165 is divided by n(0).
39
Let n = 281 + -194. What is the remainder when n is divided by 30?
27
Let x(p) = -8*p - 19. Let u(m) = 4*m + 9. Let r(b) = -5*u(b) - 2*x(b). Calculate the remainder when r(-4) is divided by 4.
1
Suppose -39 = -5*a - 9. Calculate the remainder when 14 is divided by a.
2
Suppose -g = m - 30, -94 = -3*m - 5*g - 6. What is the remainder when m is divided by 17?
14
What is the remainder when 19 is divided by -6*16/(-36)*6/4?
3
Suppose -4*n + 2 + 26 = 0. Suppose 4*o + 214 - 34 = 0. What is the remainder when (-328)/(-18) + 10/o is divided by n?
4
Let j be 128/1 - (0 - 0). Suppose -4*s + 0*s = -j. What is the remainder when s is divided by 4/(-14) - (-237)/21?
10
Suppose 3*c + 4*a - 3*a - 134 = 0, 0 = 5*c + 5*a - 220. Calculate the remainder when c is divided by 23.
22
Let d(c) = -3*c - 1. Let p be d(3). Calculate the remainder when 26 is divided by (18/p)/((-2)/10).
8
Let v = -2 - -21. Suppose 0 = 3*g - f - 22, g + v = 3*g - 5*f. Let z(h) = -19*h - 1. Calculate the remainder when z(-1) is divided by g.
4
What is the remainder when 62 is divided by 0 + (9 - (-4 - 0))?
10
Let s = 1 + 8. Suppose 50 = 7*n - 2*n. Suppose n*a = 5*a + 165. Calculate the remainder when a is divided by s.
6
What is the remainder when 37 is divided by 2/(-5)*570/(-12)?
18
Let v = -3 + 5. Suppose -d + 161 = 5*y - 2*d, v*y = -d + 63. What is the remainder when y is divided by 17?
15
Let z be (-7)/(-3) - 1/3. Suppose 5*n - 6 = 3*a, -4 = -n + z*a - 0. Suppose 0*j + 4*j - 44 = n. What is the remainder when j is divided by 6?
5
Suppose 0 = -10*d + 82 + 108. Calculate the remainder when d is divided by 11.
8
Let x = 31 + -20. Let d = 18 - x. What is the remainder when 11 is divided by d?
4
Suppose -5 = 5*q, -5*m - q = q - 18. Suppose m*r = 3*r + 8. What is the remainder when 23 is divided by r?
7
Suppose -5*k + 29 = -61. Suppose -4 = -j - 1. Suppose t = 7 + j. What is the remainder when k is divided by t?
8
Let d(g) = -16*g + 13. Let f be d(-8). Suppose -f = -3*b - 39. What is the remainder when b is divided by 12?
10
Let q(f) = -11*f + 76. What is the remainder when q(0) is divided by 16?
12
Suppose -3*w - 7*f = -5*f - 69, 84 = 3*w - 3*f. What is the remainder when w is divided by 15?
10
Let q be (20/6 - 3)*327. Suppose -c = 3*l - 2*c - q, -l + 4*c = -29. Calculate the remainder when l is divided by 13.
11
Calculate the remainder when 19 is divided by 2 + 5 + 1/((-1)/2).
4
Let n = 12 - 8. Let g(d) = 3*d**2 - d. What is the remainder when g(2) is divided by n?
2
Let p(h) = -h**3 + 5*h**2 - h - 4. Let i be p(4). Let z = i + -3. Suppose l - 6 = -t + 9, -z*l + 15 = 0. Calculate the remainder when 23 is divided by t.
11
Let r(h) be the first derivative of 4*h**3 + h - 3. What is the remainder when 37 is divided by r(1)?
11
Let q be (14/(-21))/(1/(-36)). Suppose 4*g - q - 40 = 0. Suppose -p = 4*v - 192, p = 3*v + 26 - 163. What is the remainder when v is divided by g?
15
Let f(a) = -8*a - 7. Calculate the remainder when f(-6) is divided by (1 - 4) + (-34)/(-2).
13
Suppose -4*s - 125 = -5*f + s, f + 5 = -5*s. Suppose 0 = -6*w + 2*w + 228. What is the remainder when w is divided by f?
17
Let b(t) be the third derivative of t**6/120 - 7*t**5/60 + t**4/8 + t**3/2 - 10*t**2. Suppose -2*m = -6*m + 28. What is the remainder when b(m) is divided by 9?
6
Suppose 3*a - 28 - 5 = 0. Let q = -26 + 106. Suppose 7*b - q = 3*b. Calculate the remainder when b is divided by a.
9
Suppose -4*i + 3 + 82 = 5*s, 0 = 5*i. What is the remainder when 31 is divided by s?
14
Let t = 8 - 4. Suppose u + t*u = 0. What is the remainder when 44 is divided by u - (-15)/(3 + -2)?
14
Suppose -4*v - g = 3*g + 12, -v + 4*g - 23 = 0. Let t = -5 - v. Suppose -8 + t = 3*r + 5*j, -3*j - 3 = 2*r. Calculate the remainder when 7 is divided by r.
1
Let a be (-1)/1 + 0 + 4. Suppose -a*v = -3 + 15. Calculate the remainder when 4 is divided by (-40)/(-16) - 2/v.
1
Let q = 13 - -6. Let f(y) = 2*y**2 + 12*y + 7. Let z(m) = 8*m**2 + 48*m + 29. Let v(x) = 9*f(x) - 2*z(x). Calculate the remainder when v(-8) is divided by q.
18
Let p = 6 - 2. Suppose -l + 3 + 4 = p*w, w = -l + 7. Suppose 0 = 2*f - 7 - 33. Calculate the remainder when f is divided by l.
6
Suppose -12*p + 130 = p. What is the remainder when 18 is divided by p?
8
Let y = 19 - -27. Suppose x + 2*x = 72. What is the remainder when -1*(1 - (y + 2)) is divided by x?
23
Let h = -4 + 12. Let v(t) = t + 7. Let s be v(-7). Suppose 4*k = -s*k + 88. Calculate the remainder when k is divided by h.
6
Let j(h) = 2*h**3 - 11*h**2 - 10*h + 46. Let k(n) = -5*n**3 + 2*n**2 + n. What is the remainder when j(6) is divided by k(-1)?
4
Let d be ((-6)/4)/(12/(-32)). Let g(w) = -2*w**3 - 2*w**2 + 5*w - 6. Let y be g(d). Calculate the remainder when 29 is divided by (-4)/(-10) + y/(-10).
14
Let p = 143 + -76. Suppose 2*f - 2 = -5*g, 0*g = 5*f - 3*g - p. What is the remainder when f is divided by 4?
3
Let g = -32 - -46. What is the remainder when g is divided by 6?
2
Let s = -58 - -83. What is the remainder when s is divided by 9?
7
Suppose -2*d - 44 = -2*z, 3*z - 8*z - d = -86. What is the remainder when 50 is divided by z?
14
Suppose -4*j + 34 = 2*c, -3 = -c - j + 9. Let p(g) = 5*g + 5. What is the remainder when p(4) is divided by c?
4
Suppose -z + 101 = -3*p, 4*z - p - p = 434. Suppose 0*x + 5*x - z = 0. Let u(j) = -j + 12. What is the remainder when x is divided by u(0)?
10
Let a(x) = 6 - 5*x - 2*x + x + x**2. What is the remainder when 9 is divided by a(6)?
3
Let m(h) = h**3 - 7*h**2 + 3*h - 20. What is the remainder when m(8) is divided by 18?
14
Suppose -3*f = 15, -3*a - 3*f = 2*a - 60. Suppose 5*d = -0*d - a, -5*g - 2 = 4*d. What is the remainder when 5 is divided by g?
1
Let r = 54 - 37. Calculate the remainder when 6/2*49/3 is divided by r.
15
Suppose -15 = 5*h, u + h + 2*h + 6 = 0. What is the remainder when 5 is divided by u?
2
What is the remainder when 55 is divided by 22/(-44) - (-122)/4?
25
Let l(m) = m**3 + 15*m**2 + 12*m. Suppose -3*v = -2*x + 17, -4*v = -2*x + 4*x + 4. What is the remainder when l(-14) is divided by v/((-6)/(-20))*-1?
8
Let x(d) = -7*d**3 - d**2 + d. Let r be x(1). Let v(g) = -3*g + 5. Let t(l) = 10*l - 1. What is the remainder when v(r) is divided by t(1)?
8
Let m be 1/(-3) - 188/3. What is the remainder when (1*2)/((-6)/m) is divided by 12?
9
Suppose 2*g - 78 = 24. What is the remainder when g is divided by 14?
9
Calculate the remainder when 41 is divided by 3 + (15 - 2/1) + -2.
13
Let t(j) = -3*j**3 - j**2 + 1. Calculate the remainder when t(-1) is divided by 3.
0
Suppose 1222 = 4*x + n, -2*x = -3*x - n + 307. Suppose 5*k = 5*c - x, 0 = 5*c - 3*k - 133 - 176. What is the remainder when c is divided by 16?
15
Suppose j + 0*j - 2*h - 6 = 0, 3*j = -5*h - 15. Let x = 5 + j. What is the remainder when 2*((-105)/(-2))/x is divided by 11?
10
Suppose 36 = 2*p - 2. Suppose 2*a - 5*y - 158 = 0, 4*y + 2 + 6 = 0. Calculate the remainder when a is divided by p.
17
Suppose 189 = -4*h - 0*v + v, -61 = h - 3*v. Let x = -28 - h. Calculate the remainder when 34 is divided by x.
16
Let k(p) = -9*p - 25. Calculate the remainder when 32 is divided by k(-5).
12
Suppose 2*f - 46 = -0*f. Calculate the remainder when 45 is divided by f.
22
Let a(m) = -5*m**3 - 1. Let o be a(-1). Suppose 3 = o*s - 9. Suppose s*i - 52 = -i. Calculate the remainder when 37 is divided by i.
11
Let s = -2 + 4. Suppose 0 = 2*r + s*r - 28. Suppose -7 = -3*k + r*t - 2*t, -2*k + 2*t + 6 = 0. Calculate the remainder when 7 is divided by k.
3
Suppose -5*c = -t - 8, -4*c + 18 = -0*c + 5*t. Let w(s) = 5*s + c*s - 3 + s. What is the remainder when w(4) is divided by 10?
9
Let x(h) = -h + 1. Let i be x(-1). Let f = 14 + i. What is the remainder when 61 is divided by f?
13
Suppose 6*d - 120 = 3*d. Let p = -9 + 23. Calculate the remainder when d is divided by p.
12
Suppose -q - 1 = -3. Suppose 14 = 2*w + 5*b, 0 = -q*w + 8*b - 4*b 